+ 17 + -15.
-13
Evaluate -4 + -25 + 23 - (2 + -1).
-7
What is the value of 0 - (15 - 9 - 40 - -4) - 0?
30
What is the value of -17 - (20 - 31) - -39?
33
Evaluate -13 + -3 + (0 - 4) - 1.
-21
What is -4 + -1 + (-17 + 2 - -6)?
-14
Calculate -10 - (0 + (15 - 19)).
-6
15 - ((-7 - 0 - (-13 - -5)) + 1)
13
3 + (-4 - 26) + 1 - (-31 + 24)
-19
(23 - 3 - (60 + -37)) + 1 + -3
-5
What is (-8 - 7) + 10 + 16 + -8?
3
What is the value of 4 - (-1 - (2 + -10)) - -4 - 1?
0
-13 + 3 + 67 + -56
1
Evaluate -4 - ((-22 - -27) + 11).
-20
Evaluate -16 - (-10 - 5) - (-8 + -1).
8
-12 + 21 - 6 - 7 - (8 - 0)
-12
What is the value of 52 - 49 - (-2 + -4)?
9
(-4 - (5 + -6)) + -32 + 27 + 4
-4
What is -9 + 36 + -7 + -12?
8
What is -14 + (22 - -1) + -18 - (2 - 14)?
3
What is the value of (105 - 78) + (-1 - 42)?
-16
Calculate -6 + -1 - -2 - 4 - (2 + -5).
-6
What is the value of -19 + 14 + -10 - -38?
23
Calculate (6 - 1) + -13 + -24 + 11 + 53.
32
What is 44 + -31 + -4 + 1 + 0?
10
Calculate -9 + (2 - -6) - -5 - 0.
4
Evaluate -19 + -41 + 9 + 31.
-20
What is the value of (8 - (10 + -9)) + (0 - 4)?
3
(1 - -5 - -3) + 4 - 11
2
What is the value of (193 - 209) + (3 - 6)?
-19
What is the value of 12 + -3 - (-6 + 5 - -5)?
5
What is the value of 24 - (-22 - (23 + -55))?
14
What is the value of (-2 + 2 - 3) + -6 + 10?
1
What is the value of 2 - (0 - 1) - (5 + (4 - 19))?
13
Calculate 0 + (187 + -192 - (0 + -13)).
8
What is 4 - (7 + 0 - -17 - (16 - 13))?
-17
Calculate -299 - -302 - (6 - (2 - 0)) - 12.
-13
Calculate -4 + 10 + -18 + 7 - (1 - 6).
0
What is -40 + 4 - (0 - 8) - (-8 - 4)?
-16
Evaluate 17 + (-6 - (4 + (3 - 11))) + 5.
20
What is -6 - (-5 - -14) - 1 - -15?
-1
Calculate 2 - (-1 - 3) - (5 + (-8 - -8)).
1
Calculate -42 + 29 - -25 - (-1 + 13).
0
What is -13 - (3 + -13 + -8)?
5
Evaluate 85 + -59 - 29 - (0 - (2 + 1)).
0
Calculate (8 - -5) + -6 - 4 - -8.
11
Calculate (3 - -1) + 1 - (-25 + 22).
8
What is -7 - (-9 - 8) - (0 - (2 - 1))?
11
What is (-1 - 7) + -3 + -17 + 16?
-12
-2 + -1 + -22 + (59 - 60) + 9
-17
Evaluate (-4 - 10) + -6 + -2 + (-1 - -7).
-16
Calculate -1 + -2 + 5 + 18 + (13 - 28).
5
Calculate 62 + -64 - (-2 + -1).
1
Evaluate -4 - (3 - (24 + -8)) - 5.
4
Calculate (-44 - 13) + 41 - (0 + 1 - 3).
-14
What is -2 + (-8 - 2 - -7) - -4?
-1
What is the value of -12 + 1 + 7 + 1?
-3
(-14 - -18) + (2 - 24) + 11 + -18
-25
What is -44 + 12 - ((-8 - -5) + -7)?
-22
What is 28 + 26 + -30 + -44?
-20
Calculate (-21 + 18 - -22) + -14.
5
What is the value of 10 - (15 + (-14 - -8) - -27)?
-26
Calculate (-12 - -8 - -8) + (-14 - 0).
-10
What is the value of (84 - 75) + -1 + 4 + -38?
-26
What is the value of (2 - (-3 + -3 + 11 - 7)) + 1?
5
What is (-7 + 13 - 29) + 36?
13
What is the value of (489 - 476) + (1 + -3 - -7)?
18
What is the value of (-4 - (-7 - (0 + -1) - -4)) + 0?
-2
Calculate 1 - 9 - (3 + -6 + -5).
0
What is 6 - 1 - -3 - ((-15 - -2) + 10)?
11
Calculate (-12 - (2 + -12)) + 8 + -3 + 2.
5
What is the value of 26 - (7 + 10 - -24)?
-15
What is 326 - 310 - (2 + -2 + (1 - -8))?
7
Calculate -9 + (29 - 36) + 0 + 12.
-4
Calculate -2 + 13 - (15 + -1 - 16).
13
What is 13 + (-2 - 12) - 4?
-5
What is 1 - -15 - (27 + -3)?
-8
What is the value of 0 + 1 + 6 + -6 - 8?
-7
What is -20 + 9 - ((4 - (-6 - -4)) + -15)?
-2
What is (-7 - (4 + -1 + -14)) + -3 + -2?
-1
What is 0 + (-6 - -13) + -5 + -9?
-7
What is the value of 2 + 7 - (3 - ((-4 - 4) + -5))?
-7
What is 6 - 6 - ((-1 - 4) + 29 + -28)?
4
What is the value of -9 + 5 + (8 + -17 - -8)?
-5
What is 11 + -8 + (-16 - 0) + -2 + 8?
-7
Calculate 11 - (-6 - (-3 + 1)).
15
What is the value of 2 + 8 - (-20 + 25 - 16)?
21
-11 + (12 - -5) + -19
-13
Calculate -4 + (-4 - (-1 + -8)).
1
Calculate -26 + -15 + 7 + 0 - (-7 - 1).
-26
Evaluate (0 - 1 - -7) + 24 + -1 + -31.
-2
Calculate (11 - (4 + 14)) + (-7 - (0 + -1)).
-13
Evaluate -32 - -15 - (-1 + 3 + -9).
-10
2 - (0 + -2 + (2 - 0 - -2))
0
4 + -1 - (-2 + 16)
-11
Calculate -4 - (-16 + 15 - 13).
10
What is the value of 11 + (14 + -23 - -7) - 15?
-6
What is 0 + -12 + -16 + 22 + 23?
17
What is 7 + -1 + 213 + -209?
10
Evaluate (3 - 4) + 1 + (-1 - (-1 + 0)).
0
Evaluate -82 + 107 - (6 - -4).
15
-14 + -2 - (1 + -24)
7
What is the value of 4 + (-15 - -8) + (3 - (0 + 1))?
-1
What is (5 - (-2 + 13)) + 8 - (-2 + 13)?
-9
Calculate -1 - 0 - 0 - ((8 - 20) + 5).
6
Calculate 3 + (4 - (5 - 4 - -7)).
-1
(-15 - 8) + (14 - -14)
5
Evaluate -45 + 46 + -1 + -2 - 1.
-3
28 + (-7 - (-4 + 7)) - (5 - 1)
14
Evaluate 6 + (1 - (-14 + (13 - 8) - -5)).
11
Calculate 5 - ((17 - 22) + 0 + -1).
11
Evaluate 11 - (-10 + 38 - 14).
-3
2 + (3 - (1 - -9)) + -1
-6
What is the value of (6 - (8 - (24 - 4))) + -2?
16
What is -29 - (5 - (22 + -11 - (-1 + 6)))?
-28
What is the value of 3 + -11 + 9 + 2 - -3?
6
Calculate -82 - -71 - (-4 - -1).
-8
Calculate -1203 + 1215 - (1 + 2).
9
What is (-1 - 13 - -6) + 18?
10
Calculate 0 - -16 - 48 - -37.
5
(2 - 3) + (4 - (6 + -12) - 8)
1
What is (-8 - -40) + -26 + 0 + -19?
-13
(-7 - (3 + -4 + -5)) + 9
8
Calculate -1 - (0 - (7 + -9 - 6)).
-9
Calculate -3 - (-37 + 26 - (1 + -12)).
-3
Evaluate -4 + (14 - 7) + -8 + (0 - 3).
-8
Calculate 14 + (8 - (3 + 12)).
7
What is -45 - (-20 + 3) - -44?
16
What is the value of -89 - -91 - (-1 - (-16 + -1)) - 3?
-17
5 - (3 - (-10 + 4 + 13 + 3))
12
Evaluate 4 - 28 - -11 - -27.
14
What is 1 + 1 - 2 - -2 - -1 - -4?
7
What is the value of 7 - 8 - (-2 + (-4 - -6))?
-1
What is the value of (11 - (6 + (0 - 0))) + 0 - 8?
-3
What is 0 + 2 - (18 + 2) - (-4379 - -4372)?
-11
Evaluate -2 - 6 - -11 - -5.
8
17 + 5 + (9 + (-16 - -4) - 2)
17
Calculate (-8 - 2) + 10 + 10 + 3.
13
Calculate -5 + (-5 - (-14 + 6)) + -2 + 4.
0
1 + 1 + 26 + -39
-11
Calculate 19 + (-65 + 67 - (-1 + 0)).
22
Evaluate (13 - 4) + -32 - (4 - 8).
-19
What is the value of 2 - 2 - ((-19 - -3) + 27)?
-11
What is 141 + -146 + (9 - 0)?
4
Evaluate (0 - 9) + -134 + 142.
-1
Calculate 28 + -5 + -20 - -19.
22
What is -41 + 16 + 16 + 19?
10
-7 + 3 + 1 + (21 - 31)
-13
Calculate 177 + -178 + (13 - 0) - 13.
-1
40 + -46 - (-3 + 2)
-5
Evaluate 7 + (4 - (1 + -8 + 0)) - 8.
10
What is 1 + (-11 - -4 - -5 - -10)?
9
Evaluate -7 + (4 - -35) - (9 + -11 - -6).
28
(-2 - 0 - 1) + -760 + 766
3
What is the value of (-13 - -2) + -2 + -179 + 186 + -5?
-11
What is the value of -5 - (11 - 5 - -1) - 2?
-14
What is the value of 6 + 1 + 8 + 1 + -16?
0
What is the value of 4 - (12 + -29 + 21)?
0
What is 0 - -20 - (0 - (6 + -13))?
13
What is the value of 4 - (0 + 29 - (31 + -27 + -2))?
-23
Calculate (4 - (-5 + -5 - -5)) + 3 + -41.
-29
Evaluate -10 - (-12 - (20 - 15)).
7
What is 81 + -85 + (1 - -3 - (8 - 5))?
-3
Evaluate 6 - (-2 + (-14 - -6) + 10) - -8.
14
Evaluate -1 - (0 - 32) - (-1139 + 1140).
30
3 + (-18 - -4) - (-192 - -192)
-11
4 + -7 + -8 + 15 - 16
-12
Evaluate -1 + 39 + (28 - (24 + -9) - 10).
41
0 - (-7 + -3 + 18 - 5) - -20
17
What is -6 + -7 + (5 - (-1 + 0))?
-7
5 - ((9 + -5 - -1) + -8 - -7)
1
What is the value of 19 + 22 + 14 + -43?
12
What is the value of 6 + -4 - (16 + -28)?
14
5 + -19 + (1 - (9 + -8))
-14
Evaluate -18 - (-47 - -24) - 5.
0
Evaluate -4 + 6 - -10 - 9.
3
(3 - 29) + (96 - 72)
-2
What is -6 - (2 + -10) - -6?
8
Calculate 9 - (-16 + 8 + 43) - (-4 + 1).
-23
What is 1 + -11 + 3 + -13 + -5?
-25
What is the value of -36 - -26 - -50 - (-1 - -17)?
24
What is the value of (4 - (-5 - -7)) + (10 - (6 - 6))?
12
Calculate (9 - (-3 + -1 + -31) - -2) + -11.
35
What is the value of 4 + 17 + 7 + -42?
-14
(33 - 48) + (0 + -2 - 8)
-25
Calculate 23 - (7 - (-7 - (-1 + -7))).
17
What is the value of (-18 - 9) + 2 + 11?
-14
Evaluate (-22 - (-26 - 6)) + 2.
12
19 + (3 - (16 + 1 + -8))
13
What is -7 + (0 - 5) + -16 + 2 + 8?
-18
What is the value of -6 + 8 + 6 + (-127 - -130)?
11
Evaluate 0 + -7 + (3 - 20) + 45.
21
21 + 22 - 28 - 39
-24
Calculate (-12 - 1) + -8 + (1 - (-7 + -2)).
-11
Evaluate -1 - -2 - 8 - (-6268 - -6254).
7
Calculate 3 + 3 + (-1 - 10) + 24.
19
What is the value of 11 - (-11 + (6 - 1) + 10 - 2)?
9
9 + -3 + 3 + -1
8
Calculate 269 + -268 - (-3 - (-5 - (-3 + 3))).
-1
Evaluate 13 + 31 - (-39 - -72).
11
(-24 - -23 - (-11 + 4)) + 8 + -1
13
What is 2 + (-21 - 1) - (27 + -27 + 4)?
-24
Calculate (-32 - -15) + (-24 - -38).
-3
Evaluate -7 - (-42 - (-3 + (8 - 10) + 5)).
35
-12 + 12 + -7 + 3 + -10 + -1
-15
(-20 - 1) + (-9 - -12)
-18
Calculate (25 - 34 - 21) + 15.
-15
Evaluate 6 + -9 + -23 - (